38.
100
What is the remainder when 633189 is divided by 919?
917
Calculate the remainder when 7445 is divided by 1225.
95
What is the remainder when 495355 is divided by 10109?
14
Calculate the remainder when 97248 is divided by 666.
12
Calculate the remainder when 493188 is divided by 180.
168
Calculate the remainder when 189872 is divided by 245.
242
What is the remainder when 87132 is divided by 454?
418
Calculate the remainder when 70844 is divided by 65.
59
Calculate the remainder when 231836 is divided by 1260.
1256
Calculate the remainder when 46988 is divided by 7762.
416
Calculate the remainder when 6484 is divided by 3223.
38
Calculate the remainder when 6827 is divided by 64.
43
What is the remainder when 66212 is divided by 13?
3
What is the remainder when 6688 is divided by 3340?
8
What is the remainder when 180 is divided by 108?
72
Calculate the remainder when 27125 is divided by 212.
201
Calculate the remainder when 15259 is divided by 19.
2
Calculate the remainder when 2263 is divided by 91.
79
Calculate the remainder when 515238 is divided by 25761.
18
What is the remainder when 11372 is divided by 22?
20
Calculate the remainder when 1475164 is divided by 434.
432
What is the remainder when 86407 is divided by 839?
829
Calculate the remainder when 174998 is divided by 29162.
26
Calculate the remainder when 44358 is divided by 105.
48
What is the remainder when 8258 is divided by 5?
3
Calculate the remainder when 4151 is divided by 679.
77
Calculate the remainder when 792670 is divided by 198160.
30
Calculate the remainder when 655717 is divided by 55.
7
What is the remainder when 67228 is divided by 32?
28
Calculate the remainder when 74941 is divided by 32.
29
Calculate the remainder when 21349 is divided by 968.
53
What is the remainder when 54790 is divided by 18?
16
Calculate the remainder when 994 is divided by 39.
19
Calculate the remainder when 4920 is divided by 4275.
645
What is the remainder when 13547 is divided by 18?
11
What is the remainder when 15459 is divided by 281?
4
Calculate the remainder when 100670 is divided by 20126.
40
Calculate the remainder when 17497 is divided by 50.
47
Calculate the remainder when 18842 is divided by 3.
2
What is the remainder when 119483 is divided by 2096?
11
What is the remainder when 731721 is divided by 365858?
5
Calculate the remainder when 7802 is divided by 127.
55
What is the remainder when 17682 is divided by 608?
50
What is the remainder when 1415 is divided by 228?
47
What is the remainder when 131516 is divided by 1069?
29
What is the remainder when 17322 is divided by 48?
42
Calculate the remainder when 1774889 is divided by 615.
614
What is the remainder when 27297 is divided by 2247?
333
What is the remainder when 7536 is divided by 46?
38
What is the remainder when 317671 is divided by 92?
87
What is the remainder when 17658 is divided by 3373?
793
What is the remainder when 10989 is divided by 844?
17
What is the remainder when 53864 is divided by 34?
8
What is the remainder when 602432 is divided by 23?
16
Calculate the remainder when 77018 is divided by 147.
137
Calculate the remainder when 3046 is divided by 752.
38
What is the remainder when 1937 is divided by 148?
13
What is the remainder when 20317 is divided by 23?
8
What is the remainder when 2202 is divided by 68?
26
What is the remainder when 4579 is divided by 508?
7
What is the remainder when 127714 is divided by 747?
724
What is the remainder when 45280 is divided by 22486?
308
What is the remainder when 66818 is divided by 3340?
18
Calculate the remainder when 28713 is divided by 2864.
73
Calculate the remainder when 291 is divided by 57.
6
What is the remainder when 27154 is divided by 9041?
31
What is the remainder when 1948 is divided by 178?
168
What is the remainder when 13131 is divided by 727?
45
Calculate the remainder when 5156 is divided by 2566.
24
Calculate the remainder when 3548 is divided by 1751.
46
Calculate the remainder when 2626 is divided by 55.
41
What is the remainder when 27679 is divided by 988?
15
What is the remainder when 4350 is divided by 722?
18
What is the remainder when 20586 is divided by 73?
0
Calculate the remainder when 1329 is divided by 705.
624
Calculate the remainder when 16017 is divided by 44.
1
Calculate the remainder when 22853 is divided by 7608.
29
What is the remainder when 660 is divided by 459?
201
What is the remainder when 117613 is divided by 297?
1
Calculate the remainder when 54015 is divided by 146.
141
What is the remainder when 270176 is divided by 380?
376
What is the remainder when 5890 is divided by 1761?
607
What is the remainder when 6238 is divided by 47?
34
Calculate the remainder when 465685 is divided by 937.
933
What is the remainder when 29296 is divided by 28?
8
What is the remainder when 2653919 is divided by 570?
569
Calculate the remainder when 203022 is divided by 35.
22
Calculate the remainder when 642 is divided by 632.
10
Calculate the remainder when 21588 is divided by 1197.
42
What is the remainder when 2948 is divided by 722?
60
What is the remainder when 55715 is divided by 55705?
10
What is the remainder when 1517737 is divided by 1544?
1529
What is the remainder when 435773 is divided by 44?
41
What is the remainder when 3106469 is divided by 23?
20
What is the remainder when 100482 is divided by 84?
18
What is the remainder when 11878 is divided by 264?
262
Calculate the remainder when 2812 is divided by 216.
4
What is the remainder when 45359 is divided by 240?
239
Calculate the remainder when 276653 is divided by 42.
41
Calculate the remainder when 22846 is divided by 21.
19
What is the remainder when 553898 is divided by 100?
98
What is the remainder when 2449712 is divided by 651?
650
What is the remainder when 6989 is divided by 1164?
5
Calculate the remainder when 5771 is divided by 1142.
61
What is the remainder when 1298945 is divided by 21294?
11
What is the remainder when 14975 is divided by 66?
59
What is the remainder when 190580 is divided by 62?
54
What is the remainder when 1483372 is divided by 125?
122
Calculate the remainder when 1662 is divided by 1546.
116
What is the remainder when 23650 is divided by 577?
570
What is the remainder when 469781 is divided by 28?
25
What is the remainder when 69867 is divided by 51?
48
What is the remainder when 2958 is divided by 178?
110
What is the remainder when 857554 is divided by 22?
16
Calculate the remainder when 859883 is divided by 624.
11
Calculate the remainder when 169266 is divided by 56422.
0
What is the remainder when 43366 is divided by 312?
310
Calculate the remainder when 1455 is divided by 666.
123
What is the remainder when 906 is divided by 115?
101
What is the remainder when 171807 is divided by 767?
766
Calculate the remainder when 8884 is divided by 387.
370
What is the remainder when 436918 is divided by 12?
10
Calculate the remainder when 1152 is divided by 83.
73
What is the remainder when 1333 is divided by 122?
113
Calculate the remainder when 6652 is divided by 1950.
802
What is the remainder when 511640 is divided by 84?
80
What is the remainder when 12844 is divided by 157?
127
What is the remainder when 36359 is divided by 45?
44
What is the remainder when 35545 is divided by 391?
355
What is the remainder when 7235 is divided by 402?
401
Calculate the remainder when 2424381 is divided by 144.
141
Calculate the remainder when 79164 is divided by 392.
372
Calculate the remainder when 236840 is divided by 162.
158
Calculate the remainder when 1094 is divided by 361.
11
What is the remainder when 666 is divided by 614?
52
What is the remainder when 39638 is divided by 13195?
53
Calculate the remainder when 5412 is divided by 2704.
4
Calculate the remainder when 77773 is divided by 197.
155
Calculate the remainder when 17308 is divided by 2882.
16
What is the remainder when 14665 is divided by 2838?
475
Calculate the remainder when 870 is divided by 434.
2
What is the remainder when 25087 is divided by 254?
195
What is the remainder when 1234 is divided by 186?
118
Calculate the remainder when 5641 is divided by 72.
25
Calculate the remainder when 220423 is divided by 1422.
13
Calculate the remainder when 10662 is divided by 53